(s) = -4*s. Let w be y(-2). Let u = -11 + w. Let c be (301 + -1)/4 - u. Calculate the highest common divisor of 52 and c.
26
Let k be 105/(-9) - 1/3. Let z be -6*(116/k - -3). What is the highest common factor of z and 5?
5
Let o(a) = -a**2 - 6*a + 14. Let z be o(-8). Let y = z - -28. What is the greatest common factor of y and 39?
13
Suppose -2*n + 110 = 10. Calculate the greatest common factor of n and 20.
10
Suppose 0 = 4*d + 4*a - 1 - 3, -3*a - 2 = -2*d. Let v be -1*(-6 - 0 - 2). What is the greatest common divisor of v and d?
1
Suppose h = -0*n + 5*n + 26, 2*h + 2*n = -8. Let r be (-253)/(-3) - 38/(-57). Let k be r/20 + h/(-4). Calculate the greatest common divisor of 10 and k.
2
Let j = 134 - 84. Let o = j - 49. What is the greatest common divisor of 13 and o?
1
Let t = 265 + -76. Calculate the highest common divisor of t and 21.
21
Suppose 2*f - 7*f = 20. Let l be (-7)/((-14)/f) + 14. Calculate the highest common divisor of 120 and l.
12
Let u(o) = o**3 + 11*o**2 - 14*o - 20. Let c be u(-12). What is the highest common divisor of 108 and c?
4
Let p = 38 + -37. Suppose -4*k = d - 22, -2*d - 7 - p = -5*k. Suppose 3*l - 75 = -5*g, -36 = -5*g + 5*l + 39. Calculate the greatest common factor of d and g.
3
Let n(i) = -9*i**2 - 167*i - 16. Let j be n(-16). Calculate the highest common divisor of j and 32.
32
Suppose 5*c - 1202 = -1107. Let z(r) = r**2 + 3*r + 7*r**2 + r**2 - 1. Let u be z(-5). What is the highest common divisor of u and c?
19
Let k be (5301/6)/(72/96). What is the greatest common factor of 38 and k?
38
Let m(f) = -16*f**3 + f**2 + 8*f + 6. Let s be m(-1). What is the highest common factor of 3 and s?
3
Let i = -50 - -90. Let m be 32/((-4)/((-320)/8)). Calculate the highest common factor of m and i.
40
Suppose 0 = 4*o + d + 76, -7 = -2*o + 4*d - 63. Let k be 23/1 - o/(-5). What is the highest common divisor of 171 and k?
19
Suppose -4 - 4 = -4*n. Suppose n*a = -2*a. Let s be (2 - 0) + a/5. What is the greatest common divisor of 5 and s?
1
Suppose -6*g + 263 + 211 = 0. Suppose 0 = -4*v - h + g, 4*h - 85 = -4*v - v. Calculate the greatest common divisor of v and 21.
21
Let n(b) = -b**3 - 17*b**2 + 3*b - 2. Let r(m) = 3*m + 7. Let d be r(-8). Let t be n(d). Let u = -28 - t. Calculate the greatest common factor of 125 and u.
25
Suppose -25*m + 22*m + 1170 = 0. What is the highest common factor of m and 30?
30
Let r(u) = -10*u - 4. Suppose -5*d - 10 = -0. Let c be r(d). Let f = c - -2. What is the highest common divisor of 2 and f?
2
Suppose 2*x = 8 + 8. Let c = -46 - -112. Let o = c - 34. What is the greatest common factor of o and x?
8
Suppose -2*j + 12 = 2*n, 2*n + 9*j = 4*j + 21. Suppose -10*f = -n*f - 168. What is the greatest common divisor of 72 and f?
24
Let z be (-8404)/(-40) - 12/120. Calculate the highest common divisor of 7 and z.
7
Suppose -2*u - v - 4*v - 50 = 0, -4*u = -v + 78. Let c be 22 + -3 + u/(-4). Calculate the greatest common factor of c and 3.
3
Suppose 76 = 4*m + m - l, -4*m = -l - 61. Let f = -26 - -28. Let k be (5/(-30)*10)/(f/(-6)). What is the greatest common divisor of k and m?
5
Suppose -296 = -5*y + 84. Let c = 261 - y. What is the greatest common divisor of c and 74?
37
Suppose -8*t = t - 108. Suppose t*c + 60 = 14*c. Calculate the greatest common divisor of c and 18.
6
Let v(d) = -d**3 + 12*d**2 + 35*d + 23. Let z be v(14). What is the greatest common factor of 55 and z?
11
Let c(s) = -s**3 + 13*s**2 + 13*s + 20. Let t be c(14). What is the highest common factor of t and 24?
6
Let b(y) = y**2 + 2*y - 3. Let f be b(-4). Suppose t + 66 = -c, 198 = -3*c + f*t - 0*t. Let x be 0 + -3 - 1*c. Calculate the greatest common factor of x and 7.
7
Suppose -5*d + 70 = -2*n, n + 75 = -0*d + 5*d. Let k = -21 + d. Let t be (-2149)/k - 12/15. Calculate the highest common factor of t and 39.
39
Suppose -83 = -3*p + 97. Let b = 1141 - 1111. What is the highest common divisor of p and b?
30
Suppose x + 5*o - 7 = 0, 4*x - 60 = -5*o + o. What is the greatest common factor of 136 and x?
17
Suppose -3*p + 5*o = -179, 0 = 5*p - 0*o + 4*o - 360. Calculate the highest common factor of 17 and p.
17
Let n = -24 + 32. Let c(g) = 5*g**2 - 3*g - 52. Let y be c(-4). Calculate the highest common factor of y and n.
8
Let r be 5*-6*2/5. Let s be 1 + -22 + r/6. Let g = s + 53. What is the greatest common factor of 20 and g?
10
Suppose 0 = 18*f - 14*f - 236. Let t = 73 - f. Calculate the greatest common divisor of t and 21.
7
Let f(a) = -14 - 2*a + 0*a**2 - 3*a + 3*a**2. Let v be (3/(-6))/((-6)/84). Let m be f(v). Calculate the highest common divisor of m and 14.
14
Suppose 6*a - 11*a - 140 = 0. Let s = 73 + a. Calculate the greatest common divisor of s and 15.
15
Let x be 549/5 - 31/(-155). Calculate the highest common divisor of x and 1870.
110
Let t(r) = r**2 - r - 13. Let u be t(12). Calculate the greatest common divisor of u and 51.
17
Let t be 22 + -25 - 1/1*-10. Let w = -2 + t. Suppose -2*i - 21 = -n - 136, -3*n - 180 = -3*i. Calculate the highest common divisor of w and i.
5
Suppose 6*w + 2 = 38. Suppose 0 = -w*f + 10*f - 432. Calculate the greatest common factor of f and 18.
18
Suppose 3*d = -5*f - 2*d - 70, -9 = f - 4*d. Let b = f - -11. Let a be ((-25)/(-5))/((-2)/b). What is the highest common factor of a and 5?
5
Suppose -25*m + 2142 = -7*m. What is the highest common divisor of m and 28?
7
Let u(n) = 7*n**2 + 2*n + 3. Let t = 31 + -21. Suppose -4*r + 2*r - t = 0. Let z be u(r). What is the highest common divisor of z and 24?
24
Let x = 48 - 46. Suppose -x*a + d + 571 = 2*a, -2*d = 3*a - 442. Calculate the highest common divisor of a and 36.
36
Let o = -784 - -912. What is the highest common divisor of o and 8?
8
Suppose x - 9 = 1. Let w be (12/x)/((-2)/(-20)). Suppose 5*l - 23 = -4*n, 0 = 2*l + w - 2. What is the highest common divisor of 4 and n?
4
Suppose -2*n = -51 - 13. Let m = 361 + -137. What is the greatest common factor of m and n?
32
Let u(n) = n**3 + 3*n**2 - 8*n - 11. Let h be u(-4). Suppose -2*m + 0*m - 62 = -h*y, -3*y = m - 46. Calculate the greatest common factor of 98 and y.
14
Let q be (2 - 1)*-2 + 2. Let m be 33*2/(q - -6). Let o = 180 + -59. What is the greatest common factor of m and o?
11
Suppose 3*h + 18 = -0*h. Let x = 66 - h. Let v be 1/(5/40 + 0). What is the greatest common divisor of v and x?
8
Suppose 0 = -2*g + 15*g - 364. Calculate the highest common factor of g and 364.
28
Suppose -10 = -5*w, 2*w = -2*m - 2*m - 28. Let l be (-388)/m + (-2)/(-4). What is the greatest common factor of l and 7?
7
Let n = 6 + -9. Let g be n*(-5)/9*24/2. What is the greatest common divisor of 5 and g?
5
Suppose -2*n - 4*x + 110 = 20, 4*n - x - 135 = 0. What is the highest common factor of 175 and n?
35
Suppose -3156*w + 484 = -3154*w. What is the greatest common factor of w and 33?
11
Suppose -3*u + 48 = u. Let p be (1 + -13)/(6/27). Let t be (p/(-15))/(6/20). What is the greatest common divisor of u and t?
12
Let c(d) = -74*d - 660. Let k be c(-9). Calculate the highest common divisor of 4 and k.
2
Suppose 24*s - 4*h = 23*s + 54, 4 = -4*h. Calculate the greatest common factor of s and 175.
25
Suppose 0*a = 5*a - 5, h + 2*a = 67. Suppose -6 + 45 = 3*m. Calculate the greatest common divisor of h and m.
13
Suppose -5*t = -42 - 23. Let c(q) = q**2 - 12*q + 23. Let v be c(t). What is the highest common factor of v and 18?
18
Let f(u) = u**2 - 7*u + 164. Let n be f(11). Calculate the highest common factor of n and 40.
8
Let y be ((-228)/(-30) - 4)*(-190)/(-4). What is the highest common factor of 741 and y?
57
Let u = 126 + -84. What is the greatest common divisor of 147 and u?
21
Suppose 4*k = 139 + 117. Let n(x) be the first derivative of x**4/4 - x**3/3 + 8*x - 1. Let w be n(0). Calculate the highest common divisor of k and w.
8
Let t(j) = j - 6. Let a(x) = -3*x**3 - 4*x**2 - x + 2. Let q be a(-2). Let g = q + -3. Let y be t(g). Calculate the greatest common divisor of 9 and y.
3
Let i = -344 - -367. What is the greatest common divisor of i and 1127?
23
Suppose 0*t - 49 = t - j, 5 = -5*j. Let f = 107 + t. What is the greatest common divisor of 38 and f?
19
Let g be ((-12)/(-2) - 2)/(2*1). Suppose -5*u - 18 = -j, -j + 4*u = g*j - 54. Calculate the highest common factor of 18 and j.
18
Suppose o + o - 8 = 0. Suppo